False
Is 334205 a composite number?
True
Is 11987 a prime number?
True
Is 16217 a prime number?
True
Is 459463 a composite number?
False
Is 19949 a prime number?
True
Is 314569 prime?
True
Is 493703 prime?
False
Is 21703 prime?
False
Is 339401 composite?
True
Is 4699 a prime number?
False
Is 47267 composite?
True
Is 1137481 a prime number?
True
Is 19001 composite?
False
Is 23869 a prime number?
True
Is 497 a prime number?
False
Is 5447 a prime number?
False
Is 15727 a composite number?
False
Is 754393 composite?
True
Is 256199 prime?
True
Is 197045 a composite number?
True
Is 75657 a composite number?
True
Is 43663 prime?
False
Is 2258 composite?
True
Is 134129 a prime number?
True
Is 160521 a composite number?
True
Is 898837 prime?
False
Is 669 a prime number?
False
Is 2203 prime?
True
Is 33346 composite?
True
Is 487349 prime?
True
Is 13961 a prime number?
False
Is 100273 a prime number?
False
Is 862031 composite?
False
Is 3739 composite?
False
Is 35201 a prime number?
True
Is 1187 composite?
False
Is 4471 composite?
True
Is 3353 a composite number?
True
Is 15206 composite?
True
Is 2579477 composite?
False
Is 64711 prime?
False
Is 180485 a prime number?
False
Is 1575895 composite?
True
Is 1361 prime?
True
Is 46931 composite?
True
Is 109267 prime?
True
Is 306814 composite?
True
Is 18041 composite?
False
Is 60715 a composite number?
True
Is 24223 composite?
False
Is 7069 a prime number?
True
Is 10739 a composite number?
False
Is 174197 a prime number?
True
Is 2003 a prime number?
True
Is 3407 prime?
True
Is 217 prime?
False
Is 452967 a prime number?
False
Is 167507 a composite number?
True
Is 3209 a composite number?
False
Is 68891 prime?
True
Is 292555 a prime number?
False
Is 16249 composite?
False
Is 279571 a prime number?
True
Is 335743 a composite number?
False
Is 35771 prime?
True
Is 34123 composite?
False
Is 47631 a prime number?
False
Is 2773 prime?
False
Is 40253 a composite number?
False
Is 150607 prime?
True
Is 80561 a prime number?
False
Is 37619 prime?
True
Is 138259 prime?
False
Is 87415 composite?
True
Is 3847 a prime number?
True
Is 15681 composite?
True
Is 38705 a prime number?
False
Is 13749 a composite number?
True
Is 11906 a composite number?
True
Is 69461 a prime number?
False
Is 11437 a prime number?
True
Is 735617 composite?
False
Is 14431 composite?
False
Is 380663 composite?
True
Is 4685 prime?
False
Is 63277 a composite number?
False
Is 73249 a prime number?
False
Is 7067 a composite number?
True
Is 2437 prime?
True
Is 1151 composite?
False
Is 169049 a composite number?
False
Is 7615 a prime number?
False
Is 169382 composite?
True
Is 356197 composite?
False
Is 541 a composite number?
False
Is 38371 a composite number?
False
Is 194335 prime?
False
Is 486859 composite?
True
Is 14809 prime?
False
Is 2833 a composite number?
False
Is 71701 prime?
False
Is 53561 prime?
False
Is 3494 a prime number?
False
Is 14866 composite?
True
Is 12829 composite?
False
Is 671695 prime?
False
Is 1440659 a prime number?
False
Is 4474 a prime number?
False
Is 439217 a prime number?
True
Is 307673 a prime number?
False
Is 14227 composite?
True
Is 3163 prime?
True
Is 63103 prime?
True
Is 517573 prime?
False
Is 15578 composite?
True
Is 22247 a prime number?
True
Is 24967 composite?
False
Is 507229 a composite number?
True
Is 653063 prime?
False
Is 10265 a composite number?
True
Is 98369 composite?
False
Is 94735 composite?
True
Is 63677 prime?
False
Is 17939 prime?
True
Is 359599 a composite number?
False
Is 163289 a composite number?
True
Is 2545 prime?
False
Is 273553 a prime number?
False
Is 174101 prime?
True
Is 12889 a composite number?
False
Is 30511 a composite number?
True
Is 16043 a composite number?
True
Is 5879 a prime number?
True
Is 41593 a composite number?
False
Is 5633 prime?
False
Is 98965 prime?
False
Is 51785 a prime number?
False
Is 229357 a composite number?
True
Is 162579 a composite number?
True
Is 143 a composite number?
True
Is 36601 a prime number?
False
Is 83351 a prime number?
False
Is 1573735 a composite number?
True
Is 4709 prime?
False
Is 451159 prime?
True
Is 740371 a prime number?
True
Is 407 composite?
True
Is 9173 prime?
True
Is 6737 composite?
False
Is 25503 prime?
False
Is 21559 a prime number?
True
Is 7355 prime?
False
Is 9181 composite?
False
Is 7529 a composite number?
False
Is 189109 a composite number?
True
Is 11671 a composite number?
True
Is 1981583 prime?
True
Is 11269 prime?
False
Is 13073 a composite number?
True
Is 11107 a composite number?
True
Is 65167 a composite number?
False
Is 61135 prime?
False
Is 6139 prime?
False
Is 163 prime?
True
Is 53479 a prime number?
True
Is 8191 composite?
False
Is 116507 a composite number?
False
Is 472289 prime?
True
Is 8161 a composite number?
False
Is 160249 composite?
True
Is 4143 prime?
False
Is 177209 a prime number?
True
Is 180949 a prime number?
True
Is 2927 composite?
False
Is 93229 a prime number?
True
Is 415763 composite?
True
Is 35339 prime?
True
Is 729253 composite?
True
Is 142733 composite?
False
Is 57781 composite?
False
Is 391613 prime?
True
Is 14779 a composite number?
False
Is 63913 a composite number?
False
Is 3251 a composite number?
False
Is 4041073 composite?
False
Is 25733 a composite number?
False
Is 304055 a composite number?
True
Is 683 a composite number?
False
Is 5141 a composite number?
True
Is 120027 composite?
True
Is 60341 composite?
True
Is 78289 prime?
False
Is 752251 a prime number?
True
Is 982487 composite?
True
Is 557 prime?
True
Is 9151 prime?
True
Is 132103 a prime number?
True
Is 13669 composite?
False
Is 1115 a composite number?
True
Is 898959 prime?
False
Is 9998 prime?
False
Is 1091 prime?
True
Is 431759 a composite number?
False
Is 206533 prime?
False
Is 263489 composite?
False
Is 34603 composite?
False
Is 263 a composite number?
False
Is 2264071 a composite number?
True
Is 7711 composite?
True
Is 61211 a prime number?
True
Is 28047 a prime number?
False
Is 1409 prime?
True
Is 9923 composite?
False
Is 1207 a composite number?
True
Is 2561 a composite number?
True
Is 93799 composite?
True
Is 161519 composite?
True
Is 3589 a prime number?
False
Is 3847 prime?
True
Is 490949 composite?
False
Is 49919 composite?
False
Is 1226651 a composite number?
False
Is 102611 a prime number?
True
Is 24502 a composite number?
True
Is 7151 a composite number?
False
Is 78043 a composite number?
True
Is 775483 a composite number?
True
Is 609473 a prime number?
False
Is 1117 a prime number?
True
Is 19067 composite?
True
Is 2179 prime?
True
Is 9533 composite?
False
Is 542005 a composite number?
True
Is 2707 a composite number?
False
Is 69035 a composite number?
True
Is 235747 prime?
True
Is 43661 a composite number?
False
Is 25963 composite?
True
Is 397533 a composite number?
True
Is 28639 prime?
False
Is 43657 a composite number?
True
Is 163841 prime?
True
Is 34841 a prime number?
True
Is 48211 composite?
True
Is 53 composite?
False
Is 2203 a prime number?
True
Is 179317 composite?
False
Is 1009865 composite?
True
Is 1673 a prime number?
False
Is 212969 a prime number?
True
Is 19843 composite?
False
Is 6733 prime?
True
Is 156217 a prime number?
True
Is 267983 a prime number?
False
Is 4618 composite?
True
Is 201613 a composite number?
True
Is 3127 a prime number?
False
Is 1073 prime?
False
Is 755861 a prime number?
True
Is 1917587 prime?
False
Is 4613 a prime number?
False
Is 18651 composite?
True
Is 5554 composite?
True
Is 7043 a prime number?
True
Is 34495 composite?
True
Is 46747 a composite number?
False
Is 642155 prime?
False
Is 110611 a composite number?
True
Is 214883 a prime number?
True
Is 1393 composite?
True
Is 451049 prime?
False
Is 1511 prime?
True
Is 62407 prime?
False
Is 23143 a prime number?
True
Is 3563 composite?
True
Is 15013 a composite number?
False
Is 1949 a composite number?
False
Is 589993 a prime number?
True
Is 18301 prime?
True
Is 751 composite?
False
Is 205867 a composite number?
True
Is 14866 a composite number?
True
Is 57103 a prime number?
False
Is 42871 composite?
True
Is 346565 a composite number?
True
Is 159703 composite?
True
Is 258959 prime?
True
Is 30995 composite?
True
Is 27597 composite?
True
Is 502939 a composite number?
True
Is 54923 a composite number?
True
Is 818 a prime number?
False
Is 72235 c